6/(-14). Suppose 4*w - j - 4 = 3*k, -w - 2 = -2*k. Is 3 a factor of k?
True
Suppose 4*j - 2630 = -2*f + 5*f, 0 = 3*j + 3*f - 1962. Is 19 a factor of j?
False
Is (-10 + 1 + 4)*-42 a multiple of 5?
True
Let b(g) = g**2 - 8*g - 6. Let y(s) = s**3 + 1. Let u be y(2). Let h be b(u). Is 6 a factor of 24 - (3 + 0 - h)?
True
Let c be (-2)/((-4 - -1)/3). Suppose v - t = -4*v + 27, 3*v - 11 = -c*t. Does 5 divide v?
True
Let d(z) = -z**2 - z + 243. Let a be d(0). Let x = -139 + a. Suppose -x - 23 = -m. Is m a multiple of 39?
False
Suppose 4*a + 120 = 3*a. Let g = a + 43. Let w = -24 - g. Is 17 a factor of w?
False
Let n(f) = f**3 + 187*f - 188*f + 0*f**3 + 1 + 2*f**2. Let z(a) = a**3 - 6*a**2 + 5*a + 3. Let b be z(5). Is 16 a factor of n(b)?
False
Let a be -1 + 55 - (1 - 2). Suppose a = -c + 6*c. Does 11 divide c?
True
Suppose 5*y + 130 = 3*g, 0 = -2*g - y + 3*y + 80. Let t(s) = -s**3 + 17*s**2 + 20*s - 22. Let z be t(18). Let n = z + g. Is n a multiple of 10?
False
Suppose 4*m + 30 = -m. Let y(g) = -g**3 - 5*g**2 + 6*g + 5. Let q be y(m). Suppose -110 = q*d - 330. Does 15 divide d?
False
Suppose 94*b - 90*b - 1256 = 0. Is b a multiple of 2?
True
Let q(p) = p**2 - 7*p - 1. Let t be q(7). Let o be 802/12 - t/6. Suppose 0 = -4*a + 157 + o. Does 14 divide a?
True
Let x(m) = m**2 - 3*m + 4. Let f = -10 - -11. Suppose -b = -5 + f. Does 4 divide x(b)?
True
Suppose 16*a - 43*a + 2214 = 0. Is 19 a factor of a?
False
Let b be -1 - (-6)/(-9)*-6. Suppose 2*h - 2*w - 4 = 4, 12 = b*h + w. Suppose -2*n + 3*i + 20 = 0, n + 2*i + 20 = h*n. Is n a multiple of 4?
True
Let y be (-14)/(-21)*(-1 - (-364)/(-8)). Let n be (-2 + 1)*(-42 - -1). Let a = y + n. Is a a multiple of 5?
True
Suppose 1299 = 2*f - 699. Is 15 a factor of f?
False
Let q be ((-11)/22)/((-2)/(-4)). Is (0 - -6) + (3 - q) a multiple of 10?
True
Let f be 0 + 0 - (1 + -2 + -39). Is 10 a factor of 20/(((-5)/6)/(f/(-24)))?
True
Let j = 22 - 13. Suppose -j = -15*s + 12*s. Does 20 divide s/(0 - (-2)/44)?
False
Suppose 0 = 4*k + 4*b + 104, 0*k - 74 = 3*k + 4*b. Let v = -211 - -209. Is 3 a factor of (-384)/k + v/(-10)?
False
Suppose -13 = -5*j + 7. Suppose 0 = 4*p - 3*m + 73, -2*p + j*m - 92 = 3*p. Let y = p - -26. Does 3 divide y?
False
Let a = -117 - -65. Let h = 109 + a. Is 19 a factor of h?
True
Suppose -b + 0*b = -3. Suppose 0 = p + b*p - 20. Suppose 2*j = 3*q + 2*q - 226, 0 = -4*q - p*j + 161. Does 13 divide q?
False
Let h be ((-8)/3)/4 + 247/(-3). Let q = -69 - h. Does 14 divide q?
True
Suppose -3*b + 4*b - 3 = 0. Suppose 298 = b*n - 5. Let a = -65 + n. Is a a multiple of 17?
False
Let b(v) = 424*v**2 - 2*v - 4. Is 28 a factor of b(-1)?
False
Let z(d) = 2*d + 2*d - 11*d - 11. Let c be z(-5). Is 5 a factor of (10/(-8))/((-2)/c)?
True
Let j(n) = n**2 + 5*n. Let v be j(-4). Is (6 + -4)/(v/(-82)) a multiple of 41?
True
Let o be (-40)/(-18) + (-2)/9. Suppose 4*a - a = -5*w + 310, -315 = -5*w - o*a. Does 32 divide w?
False
Let j(r) = r**2 - 6*r + 1. Suppose u + u = -14. Is j(u) a multiple of 23?
True
Suppose -2*q - 879 + 2168 = 3*n, -1724 = -4*n - 4*q. Let u = n + 14. Is u a multiple of 63?
True
Suppose 18*q - 5*q = 11830. Does 13 divide q?
True
Let y(t) = -t**3 + 8*t**2 + 13*t - 16. Let p be y(8). Suppose -2*h + 0*h = -p. Does 6 divide h?
False
Let r(a) = 222*a**2 + 7. Let b(u) = 221*u**2 + 6. Let g(s) = 6*b(s) - 5*r(s). Does 22 divide g(-1)?
False
Let r(z) = -z**2 - 3*z + 3621. Does 51 divide r(0)?
True
Let x(a) be the third derivative of -a**6/120 - a**5/60 - a**4/24 - a**3/6 + 7*a**2. Let q be x(-1). Suppose 5*i - 4*i - 3 = q. Does 2 divide i?
False
Suppose -8*x - 2435 = -4*o - 3*x, -x = 2*o - 1235. Is 3 a factor of -3 + o/21 + (-12)/42?
False
Let b = -73 + 75. Suppose 0*y = -b*y + 384. Is y a multiple of 24?
True
Let y = -13 - -5. Let b be -1 + 3/(12/y). Is 36 - b*(-4)/4 a multiple of 13?
False
Let g = -12 + 9. Let r(z) = -2*z**3 + 5*z**2 - 8*z + 5. Let b(n) = 3*n**3 - 6*n**2 + 9*n - 6. Let q(v) = g*b(v) - 4*r(v). Does 5 divide q(-4)?
True
Suppose j + 0*j = -5*j. Suppose -u + 0*u + 197 = j. Is u a multiple of 12?
False
Let t(j) = 7*j**2 + 3*j - 2. Let k be (-17)/(-34) + 65/2. Let r = k + -30. Is 14 a factor of t(r)?
True
Suppose 0 = 4*c - 9*c. Suppose -3*p + 405 = -c*b + 2*b, 0 = -p + 3. Let f = b + -115. Does 17 divide f?
False
Let v(t) = 51*t - 104. Does 22 divide v(16)?
False
Suppose -3*b + 4*c + 1051 = 267, 5*c = -3*b + 829. Does 4 divide b?
True
Let m = 8050 - 4399. Does 8 divide m?
False
Let j = -599 - -1225. Is 8 a factor of j?
False
Let y = 830 - 809. Suppose -5*n - 33 = k, 3*n + 8 = n. Let x = k + y. Does 4 divide x?
True
Let m(t) = -2*t + 12. Let v be m(5). Suppose v*h - h = 0. Suppose h = 6*f - 11*f + 280. Is f a multiple of 10?
False
Let r(z) = -16*z**2 + z - 4. Let j be r(5). Let o = j + 604. Is 13 a factor of o?
False
Let n(u) = -u**2 + 17*u + 12. Let b(r) = -r**3 + 11*r**2 - 9*r + 6. Let a be b(10). Is 14 a factor of n(a)?
True
Let f(x) = 2*x**3 - 5*x**2 + 3*x + 1. Let c be f(3). Let b = 78 - c. Let u = -36 + b. Is u a multiple of 9?
False
Let i be (-6)/(-2) + -2 + -1. Suppose -t - 4 = -5*f - 3, -4*f = -3*t + 8. Suppose t*p - 120 = -i*p. Is 10 a factor of p?
True
Let z(i) = -11*i + 4. Let s be z(-2). Let n = -24 + s. Suppose n*m = -4*t + 62, 2*m = 3*t - 38 - 12. Is 8 a factor of t?
True
Let q(u) = 5 - 19 + 7 + 6. Let n(l) = l - 9. Let t(w) = -n(w) - 6*q(w). Is t(11) a multiple of 4?
True
Let u(w) = 2*w**2 + 13*w + 96. Does 15 divide u(-23)?
True
Suppose 7 = t + 3. Suppose -t*a + 748 = -3*r, -4*a - 5*r + 200 = -516. Suppose 5*k = -o + 467, -o - a = -k - k. Does 25 divide k?
False
Let z(j) = 45*j**2 + j + 1. Let c be z(2). Suppose -267 = -5*s + c. Does 20 divide s?
False
Let y(d) = -5*d**2 + 77*d - 6. Is 47 a factor of y(9)?
True
Let f be (-2)/(-4) + (-1)/(4/(-6)). Is 10 a factor of (-9 + -5)/(f/(-16))?
False
Let v(w) = 12*w**2 + 2*w - 3. Is 7 a factor of v(-8)?
True
Let v(n) = n**2 - n - 3. Let r be v(5). Let j = r + -15. Suppose -g + 66 = j*g. Is 11 a factor of g?
True
Is 6 - 276/45 - (-30728)/60 a multiple of 16?
True
Let r(c) = -4*c**2 + c - 16. Let j(q) = 3*q**2 + 17. Let m(s) = 3*j(s) + 2*r(s). Is m(-9) a multiple of 33?
False
Suppose 0 = -11*n - 6079 + 20764. Does 32 divide n?
False
Suppose 1038 = 3*x + 2604. Let l = -370 - x. Is l a multiple of 38?
True
Let y = -6 - 0. Let a be (-108)/(-26) + y/39. Is 8 a factor of (45 - (a + 0)) + 1?
False
Let x = -61 + 146. Is x a multiple of 5?
True
Suppose -6*l = -l + z - 14, 5*l = -4*z + 11. Suppose -24*f = -7*f - 714. Suppose -l*g - 3*j + 30 = -5*j, -3*g - 2*j + f = 0. Does 12 divide g?
True
Let w(u) = -u**3 - 5*u**2 + 2*u + 6. Let x be w(-5). Let r be (8 + -4)/x - -4. Suppose 0 = 4*s - r*s - 11. Does 11 divide s?
True
Suppose 0 = 4*n - 354 + 94. Suppose 4*o + p = 2*p + 69, -3*p = 5*o - n. Is o a multiple of 6?
False
Let n = -137 + 144. Suppose -6*a - n*a = -325. Is a a multiple of 2?
False
Let g(c) = 3*c**2 + 27*c - 206. Is g(14) a multiple of 76?
True
Let m be 2/5 + 784/(-10). Let q be m/(-16) + (-5)/(-40). Suppose 2*n + n + 5*h + 10 = 0, 0 = 5*n + q*h. Does 2 divide n?
False
Suppose 0 = i + 5*i + 396. Is (i/(-9))/((-2)/(-12)) a multiple of 7?
False
Suppose 9*t = 10*t, 16395 = 5*g - 4*t. Does 36 divide g?
False
Suppose 4*b = 88 + 320. Is 17 a factor of b?
True
Suppose 0 = 5*t - 18 - 37. Let d = t + 37. Is d a multiple of 8?
True
Suppose 0 = -30*k + 33*k + 66. Let a = k + 137. Is a a multiple of 21?
False
Suppose 20*a - 38099 - 17901 = 0. Is a a multiple of 56?
True
Suppose 38 = 3*s - 100. Let o = s - -164. Does 30 divide o?
True
Let r = 2388 + -1424. Is 16 a factor of r?
False
Suppose -5*y + 2660 = 2*n, -2*y + 2*n - 4*n = -1058. Let u = y + -354. Is 45 a factor of u?
True
Let v be (-3)/(-3) - (-38 - -1). Let s(x) = -4*x**2 + v*x**3 + 9 - x + 3*x**2 - 37*x**3. Does 2 divide s(0)?
False
Let h = -17 + 16. Let v be (-96)/(-4)*(-2)/h. Is (16/v)/((-1)/(-12)) a multiple of 2?
True
Let f = 28 + -38. Is 38 a factor of ((-304)/f)/((-38)/(-285))?
True
Let d = -96 - -736. Does 9 divide d?
False
Let g = 20 + -22. Let a = g + 26. Is a a multiple of 7?
False
Let n(l) = l**3 + 11*l**2 + 10*l + 2. Let z be n(-10). Suppose -2*p - z*w - w - 22 = 0, 4*w + 41 = -5*p. Does 15 divide (144/(-10))/(1/p)?
False
Let r(o) = 3*o**2 - 14*o + 12. Let a be (-2 + 0)*(6 - 7) - 